
What are the prime factors of 1421936?
2, 181, 491
List the prime factors of 13862881.
13862881
What are the prime factors of 818712?
2, 3, 83, 137
What are the prime factors of 19243058?
2, 1091, 8819
What are the prime factors of 1187222?
2, 277, 2143
What are the prime factors of 3675196?
2, 7, 17, 1103
What are the prime factors of 3207341?
3207341
What are the prime factors of 12784883?
101, 126583
What are the prime factors of 194696?
2, 24337
List the prime factors of 11655467.
11655467
List the prime factors of 14471063.
17, 851239
List the prime factors of 146607.
3, 48869
List the prime factors of 913896.
2, 3, 4231
List the prime factors of 261913.
43, 6091
List the prime factors of 521476.
2, 130369
What are the prime factors of 1661676?
2, 3, 59, 2347
What are the prime factors of 4460756?
2, 1115189
What are the prime factors of 28126816?
2, 43, 20441
List the prime factors of 7721606.
2, 23, 167861
What are the prime factors of 29913078?
2, 3, 13, 31, 89, 139
List the prime factors of 754883.
23, 1427
List the prime factors of 405388.
2, 101347
List the prime factors of 4220748.
2, 3, 7, 1861
What are the prime factors of 1575637?
7, 31, 53, 137
List the prime factors of 102353.
19, 5387
What are the prime factors of 1750170?
2, 3, 5, 227, 257
What are the prime factors of 1253960?
2, 5, 23, 29, 47
List the prime factors of 18719639.
3637, 5147
List the prime factors of 305062.
2, 152531
List the prime factors of 5264657.
5264657
What are the prime factors of 246895?
5, 11, 67
What are the prime factors of 1010413?
23, 197, 223
What are the prime factors of 3396455?
5, 47, 97, 149
What are the prime factors of 198398?
2, 19, 23, 227
List the prime factors of 28098169.
11, 19, 233, 577
What are the prime factors of 3232370?
2, 5, 31, 10427
List the prime factors of 356085.
3, 5, 41, 193
What are the prime factors of 3364185?
3, 5, 11, 20389
List the prime factors of 24209610.
2, 3, 5, 19, 42473
List the prime factors of 170407.
23, 31, 239
What are the prime factors of 301477?
11, 27407
What are the prime factors of 1786722?
2, 3, 7, 19, 2239
What are the prime factors of 378113?
103, 3671
What are the prime factors of 242286?
2, 3, 11, 3671
What are the prime factors of 782455?
5, 156491
List the prime factors of 7280431.
1013, 7187
What are the prime factors of 997015?
5, 199403
What are the prime factors of 804898?
2, 37, 73, 149
List the prime factors of 157723.
109, 1447
What are the prime factors of 514828?
2, 17, 67, 113
List the prime factors of 150306.
2, 3, 13, 41, 47
List the prime factors of 2742764.
2, 19, 151, 239
List the prime factors of 1049501.
43, 24407
List the prime factors of 641797.
13, 49369
List the prime factors of 2666511.
3, 296279
List the prime factors of 5068261.
11, 17, 27103
List the prime factors of 1226789.
1226789
List the prime factors of 3724864.
2, 11, 13, 37
What are the prime factors of 108478?
2, 73, 743
List the prime factors of 24162.
2, 3, 4027
What are the prime factors of 7911753?
3, 2637251
What are the prime factors of 275350?
2, 5, 5507
What are the prime factors of 1987946?
2, 17, 59, 991
List the prime factors of 2247978.
2, 3, 17, 22039
What are the prime factors of 29693?
23, 1291
What are the prime factors of 8051862?
2, 3, 7, 13, 14747
List the prime factors of 165575.
5, 37, 179
List the prime factors of 436883.
17, 31, 829
List the prime factors of 129945.
3, 5, 8663
List the prime factors of 21426015.
3, 5, 13, 19, 5783
What are the prime factors of 7505382?
2, 3, 587, 2131
List the prime factors of 12016721.
19, 632459
List the prime factors of 2096472.
2, 3, 7, 12479
List the prime factors of 340152.
2, 3, 14173
What are the prime factors of 358700?
2, 5, 17, 211
List the prime factors of 5168157.
3, 1722719
List the prime factors of 21695616.
2, 3, 37, 509
What are the prime factors of 3414986?
2, 991, 1723
List the prime factors of 4036.
2, 1009
What are the prime factors of 188417?
188417
List the prime factors of 183974.
2, 7, 17, 773
List the prime factors of 114476.
2, 28619
List the prime factors of 4989840.
2, 3, 5, 17, 1223
List the prime factors of 4197611.
11, 113, 307
What are the prime factors of 712671?
3, 19, 12503
List the prime factors of 2745855.
3, 5, 7, 23, 379
List the prime factors of 17518850.
2, 5, 350377
List the prime factors of 4491114.
2, 3, 29, 53, 487
What are the prime factors of 80881?
29, 2789
List the prime factors of 13348344.
2, 3, 556181
List the prime factors of 22021680.
2, 3, 5, 91757
List the prime factors of 3219809.
181, 17789
What are the prime factors of 1422684?
2, 3, 4391
What are the prime factors of 1755546?
2, 3, 13, 71, 317
What are the prime factors of 337971?
3, 112657
List the prime factors of 72117.
3, 2671
What are the prime factors of 830338?
2, 19, 21851
What are the prime factors of 594299?
594299
List the prime factors of 535303.
535303
List the prime factors of 76474.
2, 38237
List the prime factors of 26609.
11, 41, 59
What are the prime factors of 873201?
3, 7, 43, 967
What are the prime factors of 387898?
2, 7, 103, 269
List the prime factors of 19390983.
3, 6463661
List the prime factors of 1453491.
3, 13, 41, 101
What are the prime factors of 495817?
7, 193, 367
List the prime factors of 92177.
92177
List the prime factors of 25157201.
271, 92831
List the prime factors of 5541.
3, 1847
List the prime factors of 5215372.
2, 37, 131, 269
List the prime factors of 2755598.
2, 17, 81047
List the prime factors of 142220.
2, 5, 13, 547
What are the prime factors of 158826?
2, 3, 103, 257
What are the prime factors of 581676?
2, 3, 48473
List the prime factors of 1591158.
2, 3, 265193
What are the prime factors of 901921?
283, 3187
List the prime factors of 14367210.
2, 3, 5, 11, 13, 17, 197
List the prime factors of 161761.
161761
What are the prime factors of 3431964?
2, 3, 285997
What are the prime factors of 759255?
3, 5, 7, 1033
What are the prime factors of 23498254?
2, 13, 373, 2423
List the prime factors of 147209.
147209
List the prime factors of 174316.
2, 43579
List the prime factors of 8858493.
3, 7, 140611
List the prime factors of 133358.
2, 131, 509
List the prime factors of 288510.
2, 3, 5, 59, 163
List the prime factors of 23353555.
5, 29, 161059
List the prime factors of 863878.
2, 59, 7321
List the prime factors of 32429135.
5, 109, 157, 379
What are the prime factors of 283611?
3, 17, 67, 83
List the prime factors of 1441844.
2, 360461
List the prime factors of 2142469.
7, 421, 727
List the prime factors of 58128.
2, 3, 7, 173
What are the prime factors of 1561858?
2, 17, 71, 647
List the prime factors of 5027060.
2, 5, 251353
What are the prime factors of 1670830?
2, 5, 7, 23869
What are the prime factors of 74612?
2, 23, 811
What are the prime factors of 822496?
2, 25703
List the prime factors of 4455156.
2, 3, 17, 21839
What are the prime factors of 13663847?
113, 120919
What are the prime factors of 13964991?
3, 421, 11057
List the prime factors of 636206.
2, 318103
List the prime factors of 1292337.
3, 143593
List the prime factors of 1209748.
2, 167, 1811
List the prime factors of 1440539.
31, 1499
What are the prime factors of 500813?
131, 3823
List the prime factors of 1021908.
2, 3, 85159
What are the prime factors of 80695?
5, 16139
List the prime factors of 13643373.
3, 4547791
List the prime factors of 1290175.
5, 51607
List the prime factors of 2273821.
11, 421, 491
List the prime factors of 856699.
856699
What are the prime factors of 210144?
2, 3, 11, 199
List the prime factors of 1931854.
2, 965927
List the prime factors of 1486720.
2, 5, 23, 101
List the prime factors of 1560894.
2, 3, 157, 1657
List the prime factors of 7948690.
2, 5, 17, 46757
List the prime factors of 1711910.
2, 5, 193, 887
List the prime factors of 806781.
3, 268927
What are the prime factors of 311372?
2, 17, 19, 241
List the prime factors of 239465.
5, 47, 1019
List the prime factors of 84355.
5, 16871
What are the prime factors of 202578?
2, 3, 19, 1777
What are the prime factors of 164201?
164201
What are the prime factors of 205660?
2, 5, 7, 13, 113
What are the prime factors of 2175826?
2, 401, 2713
What are the prime factors of 1429774?
2, 714887
List the prime factors of 3548432.
2, 463, 47